ulate the remainder when o is divided by l.
14
Calculate the remainder when 853 is divided by (-95)/((5 + 2)/(-7)).
93
What is the remainder when (-382)/(-6) + -6 + 16/3 is divided by 3*(-12)/27*-12?
15
Let i(x) = 2*x - 10. Let b be i(-5). Let z = b + 32. Calculate the remainder when 47 is divided by z.
11
Suppose 2*a - 78 = 4*a - 2*h, 2*a = 3*h - 80. Let s be 7/28 - a/(-4). Let n = s + 19. Calculate the remainder when n is divided by 6.
4
Let m = 91 + -69. Calculate the remainder when 35 is divided by m.
13
Let c(b) = 11*b**2 + 4*b - 3. Let k = 75 - 74. What is the remainder when 34 is divided by c(k)?
10
Suppose 3*h - 3 + 12 = 0. Let p(r) = -6*r**3 - 3*r**2 + 2*r - 2. What is the remainder when p(h) is divided by 16?
15
Let m(h) = 76*h**2 + 20*h + 79. Calculate the remainder when m(-3) is divided by 15.
13
Suppose 6*q - 4*q = 80. Suppose -4*s = 5*a - q, -3*a - s + 21 = a. What is the remainder when 23 is divided by a?
3
Let j(m) = -m**2 + 15*m - 22. Let z(f) = f**2 - 16*f + 22. Let x(r) = 5*j(r) + 4*z(r). What is the remainder when 7 is divided by x(8)?
1
Suppose -15*z + 40 = -13*z. Let f be (-1 - 1)*1*-1. Suppose -11 + 51 = 4*a + 4*o, 22 = f*a + 3*o. Calculate the remainder when z is divided by a.
4
Let l(f) = f**3 + 22*f**2 - 3*f - 18. Calculate the remainder when l(-22) is divided by 27.
21
Let w(s) = -3*s - 79. What is the remainder when w(-39) is divided by 5?
3
Suppose 0 = c - 4*p - 12, -3*c - 3*p = -p - 22. What is the remainder when 81 is divided by c?
1
Suppose 2*j - 12 = 4*j + 4*c, -2*j + 13 = -c. Suppose j*p - 13 = 91. Calculate the remainder when 155 is divided by p.
25
Calculate the remainder when 274 is divided by -9 + (-832)/(-5 + -8).
54
Suppose 3201 = 36*x + 1545. Suppose 4*m = -2*k + 544, 3*m + 10*k - 5*k - 422 = 0. What is the remainder when m is divided by x?
42
Suppose 4*t - 142 = 82. Let k = t + -55. Calculate the remainder when 1 is divided by k.
0
Let d(n) = -10*n - 90. Suppose -262 + 74 = -4*i. What is the remainder when i is divided by d(-10)?
7
Let r = 183 - 146. What is the remainder when 133 is divided by r?
22
Suppose -2*u = -0*u + 10, 4*s = -2*u + 50. Let f = 143 - -90. Suppose 2*m - 304 = -5*o + 5*m, m - f = -4*o. Calculate the remainder when o is divided by s.
14
Let k = -23 + 43. Let y = k + 20. What is the remainder when y is divided by 21?
19
Suppose -10*w + 6*w = -32. Suppose 0 = 3*r + 2*t - w, -5*r - 3*t + 5 = -8. Let l = -3 - -7. Calculate the remainder when l is divided by r.
0
Let o = 84 - 0. Suppose -5*i = -51 - o. Calculate the remainder when 80 is divided by i.
26
Let a be (-2 - -3) + 0 - 4/1. Suppose 0 = -p + 5*l + 9, 4*p + 2*l - 48 = -12. What is the remainder when a/((-6)/56) - (5 - 3) is divided by p?
8
Suppose -4 = -x + 6. Let c = -1241 + 1290. What is the remainder when c is divided by x?
9
Let x = -516 - -770. What is the remainder when x is divided by 64?
62
Let r(q) = -82*q - 5. Let c(w) = 2*w - 47. Let f be c(23). Let x(a) = -10*a - 4. What is the remainder when r(f) is divided by x(-3)?
25
Let d = -1381 + 1462. Calculate the remainder when 188 is divided by d.
26
Suppose 16 = 2*o - 12. Suppose 4*w - o + 6 = 0. Suppose 5*a = u + 2*a - 46, -w*u - 3*a + 119 = 0. Calculate the remainder when u is divided by 19.
17
What is the remainder when 299/6 + (-994)/84 + 12 is divided by 27?
23
Let o be ((-2)/((-4)/34))/1. Let j = 9 - o. Let t(d) = 2*d**2 + 8*d - 2. Calculate the remainder when t(j) is divided by 21.
20
Let c(u) = 7*u**2 + 10*u + 5. What is the remainder when c(4) is divided by 70?
17
Suppose -20*l = 29 - 149. Calculate the remainder when 743 is divided by l.
5
Let v = 22 + -17. Let x(l) = l**3 - 3*l**2 - 5*l - 6. What is the remainder when x(v) is divided by 7?
5
Let y(t) = -t**2 - 14*t. What is the remainder when 104 is divided by y(-4)?
24
Let r = -313 - -125. Let i = 313 + r. Calculate the remainder when i is divided by 32.
29
Suppose 0 = 2*h - 13 + 31. Suppose -240 = -9*f + 4*f. What is the remainder when f is divided by 39/h*3/(-1)?
9
Suppose -142 = 39*q - 844. Calculate the remainder when 20/3*(-21)/(-2) is divided by q.
16
Suppose -g - 490 - 102 = -4*d, -3*d = -4*g - 457. Suppose 4*i - 27 = -3*p + 56, -5*p + 2*i + d = 0. Calculate the remainder when 144 is divided by p.
28
Let o be 1*(2778/(-15) - 4/(-20)). Let a = -184 - o. Let i(x) = x**2 - 4*x + 1. Calculate the remainder when i(4) is divided by a.
0
Suppose 8 + 130 = 6*b. Suppose 4*t - 5 = -2*x + b, -5*x + t = -92. What is the remainder when 53 is divided by x?
17
Suppose 0 = -3*y + 5*g + 95, -5*y - g = 3*g - 146. What is the remainder when 51 is divided by (-3 - y/(-9))*(2 - -55)?
13
Suppose v + 9 + 4 = 2*c, -5*c + 39 = 4*v. What is the remainder when 23 is divided by c?
2
Suppose 3*w + 44 = 152. What is the remainder when 163 is divided by -1 + w - (-1 - (0 - 3))?
31
Let k(g) = g**2 - 7*g - 4. Let z be k(8). Calculate the remainder when 10/z*(-152)/(-10) is divided by 8.
6
Let x(w) = -w**3 + 2. Let o be x(-2). Suppose -o + 4 = 3*c. What is the remainder when c/5 + 1224/60 is divided by 11?
9
Let j be 2/(-6) - (-1)/3. Suppose j = 3*d - d - 3*v - 141, 3*d + v - 206 = 0. Calculate the remainder when d is divided by 18.
15
Suppose 16 = 2*t + 6. Suppose 125 = 5*j + t*r, 0 = 2*j + r - 2*r - 65. What is the remainder when j is divided by 18?
12
Let t = -56 - -73. Let x(n) = -9*n + 50. Calculate the remainder when t is divided by x(5).
2
Suppose -5*q + 14 = -1. Suppose -18 = q*l - 2*p - 72, 2*l = p + 35. What is the remainder when 63 is divided by l?
15
Suppose 0 = 3*f + 5*i - 9, 4*f - 28 - 16 = 4*i. Suppose a + 4*u = 2*a - 19, -a + 2*u + 13 = 0. What is the remainder when f is divided by a?
1
Let x(d) = -9*d - 157. Calculate the remainder when 88 is divided by x(-20).
19
Let d = -143 - -205. Suppose 4*l - 78 + 14 = 0. Calculate the remainder when d is divided by l.
14
What is the remainder when ((-272)/5)/(((-48)/(-20))/(-6)) is divided by 6?
4
Suppose -7*u - 13*u + 900 = 0. What is the remainder when u is divided by 8?
5
Let i(d) = 2*d + 6. Let f be i(-9). Let z = -18 - f. Calculate the remainder when 11/(z/(-4) + -1) is divided by 5.
2
Let b(i) = -3*i**3 - 3*i**2 - i - 18. What is the remainder when 155 is divided by b(-3)?
38
Let t(u) = 3*u**3 + 119*u**2 - 42*u - 48. What is the remainder when 40 is divided by t(-40)?
8
Let g(v) = v**2 - 11*v + 16. Let t = 10 + 0. Calculate the remainder when 15 is divided by g(t).
3
Suppose 12*n - 441 = 3*n. What is the remainder when n is divided by 2?
1
Suppose -67*l - 523 = -3069. What is the remainder when 796 is divided by l?
36
Suppose -6*b + 8*b - 138 = -4*s, 0 = 5*s - 5. Calculate the remainder when 274 is divided by b.
6
Let x = 119 - 195. Suppose 27 = 3*b + m - 1, -5*b + 48 = m. Calculate the remainder when (2/4)/((-1)/x) is divided by b.
8
Suppose -f - 2*u - u + 8 = 0, 11 = 3*f - 4*u. Suppose -12 = 4*t, 0 = -f*y - 5*t + 54 + 16. Let z = -9 + y. What is the remainder when 31 is divided by z?
7
Let m(x) = 31*x**3 + 2*x**2 - x. Let a be m(1). What is the remainder when (-6)/8*a/(-8) is divided by 3?
0
Suppose 12*r = -73 + 13. Calculate the remainder when (-1)/((r/87)/5) is divided by 11.
10
Let l(m) = 3*m**2 + 12*m + 12. Let b be l(-8). What is the remainder when 23 is divided by ((-1)/3)/((-3)/b)?
11
Suppose -12*k = -9*k - 312. What is the remainder when k is divided by 18?
14
Let t = 14 - 8. Suppose f - 2*f + t = 0. Calculate the remainder when 22 is divided by f.
4
Suppose -l + 17 = 31*p - 29*p, 25 = 4*p - l. Calculate the remainder when 37*-1*2/(-2) is divided by p.
2
Suppose -4*f - 1364 = -4*p, -4*p + 1781 - 429 = 2*f. Calculate the remainder when p is divided by 58.
49
Let n(h) = h**2 - 2*h + 2. Let j be n(2). Let g = j + 0. Calculate the remainder when g is divided by (8/(-6))/((-6)/9).
0
Suppose 17*o + 680 = 25*o. What is the remainder when 338 is divided by o?
83
Let b(d) = d**2 - 4*d. Let k = -16 - -13. Calculate the remainder when b(k) is divided by 12.
9
Let w = 4105 - 1797. Calculate the remainder when w is divided by 77.
75
Suppose 0 = 41*x + 4*x - 14985. What is the remainder when x is divided by 67?
65
Let t = 2075 - 1372. What is the remainder when t is divided by 118?
113
Let c = 142 - 108. Calculate the remainder when 123 is divided by c.
21
Let y = 2655 + 110